ors of 7706713.
7, 113, 9743
What are the prime factors of 2019984?
2, 3, 42083
List the prime factors of 571395.
3, 5, 11, 3463
What are the prime factors of 325523?
11, 101, 293
What are the prime factors of 20647108?
2, 41, 125897
List the prime factors of 1446996.
2, 3, 37, 3259
What are the prime factors of 8891910?
2, 3, 5, 32933
List the prime factors of 463547.
7, 66221
List the prime factors of 1353630.
2, 3, 5, 45121
What are the prime factors of 4099089?
3, 239, 5717
List the prime factors of 2290834.
2, 7, 13, 41, 307
What are the prime factors of 1066737?
3, 7, 79, 643
List the prime factors of 1278577.
421, 3037
List the prime factors of 5604245.
5, 1120849
What are the prime factors of 193920?
2, 3, 5, 101
List the prime factors of 1183879.
23, 51473
List the prime factors of 9825937.
11, 41, 21787
What are the prime factors of 3230501?
3230501
What are the prime factors of 2616970?
2, 5, 261697
What are the prime factors of 209654?
2, 104827
List the prime factors of 593049.
3, 197683
List the prime factors of 8608812.
2, 3, 151, 4751
List the prime factors of 1509140.
2, 5, 61, 1237
List the prime factors of 40014.
2, 3, 13, 19
List the prime factors of 849881.
17, 49993
List the prime factors of 1657808.
2, 103613
List the prime factors of 1091820.
2, 3, 5, 31, 587
What are the prime factors of 360615?
3, 5, 29, 829
List the prime factors of 5944514.
2, 2972257
What are the prime factors of 3711531?
3, 1237177
What are the prime factors of 1297052?
2, 43, 7541
What are the prime factors of 138044?
2, 34511
List the prime factors of 223324.
2, 31, 1801
List the prime factors of 993711.
3, 139, 2383
What are the prime factors of 64469?
23, 2803
What are the prime factors of 203715?
3, 5, 503
What are the prime factors of 3004503?
3, 1001501
What are the prime factors of 887059?
887059
List the prime factors of 1669532.
2, 417383
List the prime factors of 661801.
7, 94543
List the prime factors of 61864.
2, 11, 19, 37
List the prime factors of 25394242.
2, 12697121
List the prime factors of 85307.
23, 3709
List the prime factors of 106460.
2, 5, 5323
What are the prime factors of 50593?
50593
What are the prime factors of 2843061?
3, 13, 269, 271
List the prime factors of 18491462.
2, 11, 43, 1777
List the prime factors of 316718.
2, 158359
What are the prime factors of 3088551?
3, 1029517
What are the prime factors of 2852503?
2852503
What are the prime factors of 503122?
2, 251561
What are the prime factors of 157261?
13, 12097
List the prime factors of 3932009.
31, 126839
What are the prime factors of 156373?
7, 89, 251
What are the prime factors of 2110865?
5, 157, 2689
What are the prime factors of 6341094?
2, 3, 151, 2333
List the prime factors of 441829.
441829
What are the prime factors of 3741989?
17, 43, 5119
What are the prime factors of 2938587?
3, 979529
What are the prime factors of 501183?
3, 233, 239
What are the prime factors of 209415?
3, 5, 23, 607
List the prime factors of 17554999.
7, 11, 17, 13411
What are the prime factors of 177181?
163, 1087
List the prime factors of 219430.
2, 5, 21943
What are the prime factors of 903785?
5, 23, 29, 271
What are the prime factors of 571522?
2, 7, 40823
What are the prime factors of 135957?
3, 45319
What are the prime factors of 10640323?
19, 560017
List the prime factors of 2177122.
2, 17, 64033
List the prime factors of 311500.
2, 5, 7, 89
List the prime factors of 198861.
3, 13, 5099
List the prime factors of 6843193.
7, 71, 281
What are the prime factors of 456266?
2, 19, 12007
What are the prime factors of 2370618?
2, 3, 131701
What are the prime factors of 332116?
2, 79, 1051
List the prime factors of 16021.
37, 433
List the prime factors of 925866.
2, 3, 51437
What are the prime factors of 1124207?
7, 22943
List the prime factors of 1849809.
3, 13, 47431
What are the prime factors of 53154?
2, 3, 2953
List the prime factors of 208168.
2, 26021
List the prime factors of 6707095.
5, 17, 19, 4153
What are the prime factors of 101459?
71, 1429
What are the prime factors of 2160?
2, 3, 5
List the prime factors of 3077.
17, 181
List the prime factors of 1397698.
2, 698849
What are the prime factors of 670045?
5, 29, 4621
What are the prime factors of 1055118?
2, 3, 175853
What are the prime factors of 393601?
13, 17, 137
List the prime factors of 32852928.
2, 3, 139, 1231
List the prime factors of 504500.
2, 5, 1009
What are the prime factors of 14256349?
43, 331543
What are the prime factors of 214714?
2, 107357
List the prime factors of 2097416.
2, 23, 11399
List the prime factors of 418419.
3, 15497
List the prime factors of 1967662.
2, 349, 2819
List the prime factors of 11365233.
3, 11, 479, 719
List the prime factors of 240391.
421, 571
List the prime factors of 697475.
5, 23, 1213
List the prime factors of 8814326.
2, 4407163
What are the prime factors of 7360173?
3, 101, 2699
What are the prime factors of 24010022?
2, 23, 97, 5381
List the prime factors of 908.
2, 227
List the prime factors of 132269.
29, 4561
What are the prime factors of 2575328?
2, 7, 11497
What are the prime factors of 5704807?
19, 211, 1423
What are the prime factors of 1172727?
3, 130303
List the prime factors of 3983917.
7, 83, 6857
List the prime factors of 3214636.
2, 803659
What are the prime factors of 21839219?
21839219
What are the prime factors of 978407?
211, 4637
List the prime factors of 299047.
7, 17, 359
List the prime factors of 76399.
19, 4021
List the prime factors of 4006136.
2, 571, 877
List the prime factors of 1438285.
5, 17, 16921
List the prime factors of 85568.
2, 7, 191
What are the prime factors of 243309?
3, 11, 73, 101
What are the prime factors of 5016024?
2, 3, 13, 23, 233
What are the prime factors of 2951281?
1033, 2857
What are the prime factors of 13431452?
2, 3357863
What are the prime factors of 4007343?
3, 1335781
List the prime factors of 435857.
435857
What are the prime factors of 181341?
3, 20149
What are the prime factors of 8140833?
3, 433, 2089
What are the prime factors of 61099?
61099
What are the prime factors of 16995?
3, 5, 11, 103
List the prime factors of 8615521.
53, 162557
What are the prime factors of 475631?
13, 36587
What are the prime factors of 1116997?
7, 159571
What are the prime factors of 1842413?
1842413
List the prime factors of 1336264.
2, 167033
List the prime factors of 698873.
7, 99839
List the prime factors of 752764.
2, 307, 613
What are the prime factors of 757210?
2, 5, 75721
What are the prime factors of 1169614?
2, 61, 9587
What are the prime factors of 23062330?
2, 5, 23, 100271
What are the prime factors of 4961926?
2, 17, 19, 7681
What are the prime factors of 3358538?
2, 61, 27529
List the prime factors of 978542.
2, 673, 727
What are the prime factors of 110991?
3, 36997
List the prime factors of 1071937.
1071937
List the prime factors of 1392002.
2, 197, 3533
List the prime factors of 565209.
3, 62801
What are the prime factors of 1963872?
2, 3, 2273
What are the prime factors of 357177?
3, 67, 1777
What are the prime factors of 2973178?
2, 13, 173, 661
List the prime factors of 16358167.
7, 2336881
List the prime factors of 1003119.
3, 13, 17, 89
List the prime factors of 236316.
2, 3, 47, 419
What are the prime factors of 1002135?
3, 5, 66809
List the prime factors of 1555462.
2, 777731
List the prime factors of 202898.
2, 101449
What are the prime factors of 332635?
5, 71, 937
What are the prime factors of 1040470?
2, 5, 104047
List the prime factors of 11561874.
2, 3, 101, 19079
What are the prime factors of 148067?
19, 7793
What are the prime factors of 54592?
2, 853
List the prime factors of 1766062.
2, 17, 127, 409
List the prime factors of 1324109.
317, 4177
What are the prime factors of 1872921?
3, 41, 15227
List the prime factors of 2899992.
2, 3, 120833
What are the prime factors of 174160?
2, 5, 7, 311
What are the prime factors of 967022?
2, 7, 69073
List the prime factors of 17615626.
2, 7, 31, 37, 1097
List the prime factors of 242621.
242621
List the prime factors of 7548104.
2, 223, 4231
List the prime factors of 398448.
2, 3, 2767
What are the prime factors of 2077607?
7, 296801
What are the prime factors of 12811046?
2, 23, 278501
List the prime factors of 10946306.
2, 7, 111697
List the